{"id":528,"date":"2015-01-15T10:30:37","date_gmt":"2015-01-15T09:30:37","guid":{"rendered":"http:\/\/turodeguiera.cat\/bloc\/?page_id=528"},"modified":"2015-01-17T09:09:04","modified_gmt":"2015-01-17T08:09:04","slug":"el-nom-del-centre","status":"publish","type":"page","link":"http:\/\/turodeguiera.cat\/bloc\/escola\/la-nostra-escola\/el-nom-del-centre\/","title":{"rendered":"El nom del Centre"},"content":{"rendered":"<table class=\"aligncenter\" cellspacing=\"4\">\n<tbody>\n<tr>\n<td>L&#8217; escola pren el nom d&#8217;un promontori proper: el Tur\u00f3 de Guiera.<\/td>\n<\/tr>\n<tr>\n<td>Sembla ser que, antigament, des d&#8217; all\u00ed es vigilaven els ramats quan travessaven la riera Major, tamb\u00e9 anomenada riera de Sant Cugat.<\/td>\n<\/tr>\n<\/tbody>\n<\/table>\n<p>&nbsp;<\/p>\n","protected":false},"excerpt":{"rendered":"<p>L&#8217; escola pren el nom d&#8217;un promontori proper: el Tur\u00f3 de Guiera. Sembla ser que, antigament, des d&#8217; all\u00ed es vigilaven els ramats quan travessaven la riera Major, tamb\u00e9 anomenada riera de Sant Cugat. &nbsp;<\/p>\n","protected":false},"author":3,"featured_media":0,"parent":596,"menu_order":2,"comment_status":"closed","ping_status":"open","template":"","meta":{"ngg_post_thumbnail":0},"_links":{"self":[{"href":"http:\/\/turodeguiera.cat\/bloc\/wp-json\/wp\/v2\/pages\/528"}],"collection":[{"href":"http:\/\/turodeguiera.cat\/bloc\/wp-json\/wp\/v2\/pages"}],"about":[{"href":"http:\/\/turodeguiera.cat\/bloc\/wp-json\/wp\/v2\/types\/page"}],"author":[{"embeddable":true,"href":"http:\/\/turodeguiera.cat\/bloc\/wp-json\/wp\/v2\/users\/3"}],"replies":[{"embeddable":true,"href":"http:\/\/turodeguiera.cat\/bloc\/wp-json\/wp\/v2\/comments?post=528"}],"version-history":[{"count":1,"href":"http:\/\/turodeguiera.cat\/bloc\/wp-json\/wp\/v2\/pages\/528\/revisions"}],"predecessor-version":[{"id":529,"href":"http:\/\/turodeguiera.cat\/bloc\/wp-json\/wp\/v2\/pages\/528\/revisions\/529"}],"up":[{"embeddable":true,"href":"http:\/\/turodeguiera.cat\/bloc\/wp-json\/wp\/v2\/pages\/596"}],"wp:attachment":[{"href":"http:\/\/turodeguiera.cat\/bloc\/wp-json\/wp\/v2\/media?parent=528"}],"curies":[{"name":"wp","href":"https:\/\/api.w.org\/{rel}","templated":true}]}}